?
-17
53 - (-3 + (16 + -3 - 21)) - 14
50
What is (-1836 - -1732) + 57 + 11?
-36
Calculate 14 + -7 + 27 - 41.
-7
((-2 - ((8 - 10) + 1)) + 113 - 2) + -11
99
What is the value of -1 + -2 + (-1 - -2) + 1650 + -1674?
-26
What is the value of 12 + -32 - (1 - (1 + 1 + -6 - -1))?
-24
Calculate -2 + 4 + -11 - (-92 + 145 - 57).
-5
Evaluate (-4 + (4 - -15) - -6) + (-6 - -5 - -5).
25
Calculate 68 - (-11 + 8 + 11 + (-1 - -8)).
53
Evaluate ((9 - (-7 - -12)) + -16 - -16) + -55.
-51
Calculate 7 - ((13 + 1 - (-37 - (-84 - -39))) + 1).
0
What is (-10 - (-18 - -12)) + (11 - 20) + 34?
21
What is the value of 53 + 24 + -63 - 34?
-20
-40 + 35 + (6 - -14 - 5) + -5 + -70
-65
What is -3 + -8 + -2 - (-77 - (213 + -144))?
133
What is -27 + (-2 - (14 + -23) - 24)?
-44
What is (-115 - (-60 + 20)) + 3 + (9 - 1)?
-64
What is -1 - (9 + (2 - 1 - 10) + 21)?
-22
Calculate (7 - 1) + 15 + -74 + 16 + -15.
-52
What is -41 + (14 - (-8 + 13 + -8 - -7))?
-31
What is (27 - -1) + -10 + 19 - (2 - 9)?
44
-8 - -3 - (28 - (46 - 9)) - (-3 + 27)
-20
Evaluate -14 + (-117 - (-17 - (-24 + -2) - 17)).
-123
Calculate 16 - 17 - (-18 + 5) - (-13 - -6).
19
Calculate 8 + (10 + (-4 - (0 - 8)) - -8).
30
Calculate 24 - -2 - (411 + -422 - (1 + -26)).
12
What is (18 - (-23 - 25)) + (13 - (-1 + -2))?
82
Evaluate -27 + 59 + (-46 + 41 - (13 - -1)).
13
Calculate 22 + -25 + (-28 - -80).
49
Calculate (2490 - 2463) + (-30 - 1).
-4
Evaluate 0 - (-36 + -8 - 0 - (1 + 10)).
55
Evaluate 46 - ((58 - -13) + 9).
-34
Evaluate -32 + (-10 - -3) - ((-14 - -6) + 3).
-34
(48 - 99) + (67 - 54)
-38
Calculate -3 - 16 - (686 + -732).
27
Calculate -70 + 10 - ((14 - 0) + -12).
-62
Evaluate (177 - 186) + 58 + 7 + -4.
52
Calculate (9 - (-1 - 4) - -29) + (-14 - -1).
30
Calculate -1 + (-4 - -1) + -54 + 9 + 8 + -11.
-52
(-42 + 43 - (-1 + -2)) + 0 + 5
9
35 - (229 - 107) - 15
-102
Evaluate -11 + (-16 - (-36 + 64)).
-55
What is -47 + (10 - (-6 - 3)) + (-1 - (4 + -3))?
-30
Evaluate -9 + (6 - 8) + (-63 - -51).
-23
What is the value of (5 - ((2 - -10) + 0)) + 11 - 15?
-11
Evaluate -1198 - -1196 - (-4 - (-6 + 20)).
16
What is the value of 40 + -19 + 0 + 43 + -32?
32
7 + (1 - (-17 - -1)) + -3
21
Evaluate 9320 - 9321 - (67 - 2).
-66
Calculate (34 + -75 - -41) + 6 + 1 + (54 - -1).
62
Evaluate (32 + -21 - -62) + 0 + -1 - 12.
60
What is the value of -16 + (83 - (15 + (-2 - (-20 - -26))))?
60
What is the value of -16 + (7 - 2) + 3 + -3 + 6?
-5
-27 - 3 - ((90 - -10) + -70)
-60
What is the value of ((-12 - 19) + -2 - -112) + -28?
51
What is (-1 + -1 - 8) + (8 + (9 - 29) - -46)?
24
Calculate -42 + (-15 - (-8 + 3)) + (107 - 105).
-50
What is the value of -9 - (-11 - -29 - -23) - 9?
-59
What is 18 + (-1 - 42 - ((-19 - -22) + -14))?
-14
What is 48 + (30 - 61) - -44?
61
What is the value of (16 - (-11 + 6)) + 38 + -15?
44
Evaluate -18 - (6 - 31) - (11 - 50).
46
6 + (-6 - (-1 - 6)) + -33 + -10 + 4
-32
What is 1 + 2 + 2 + (-4 - -11 - (-44 - -3))?
53
What is the value of -7 + -4 + 6 - (22 - 25 - -1)?
-3
Evaluate 33 - (-23 - -76) - -7 - (1 - 79).
65
What is the value of (-4 + 17 - (-5 + 13)) + -19 + -101?
-115
Evaluate (-1 - -21 - (-483 - -488)) + -20.
-5
What is 5287 + -5281 + 1 + 35?
42
Evaluate 18 - ((-18 - -15) + 10 + 46).
-35
What is the value of (41 - (28 + 1)) + 0?
12
Calculate 46 - 72 - 16 - (16 - 11).
-47
What is the value of 8 - (-100 + (37 - 34) + 12 + 0)?
93
-3 + 40 + (-17 - 60) - -11
-29
0 + -20 + 49 + -32 + -5
-8
What is the value of 22 - 3 - (51 + 36) - 8?
-76
What is -46 + -18 + 72 + 10?
18
What is 74 + -133 + -21 - -162?
82
What is the value of (-8 + -4 + 0 - (0 + -13)) + -47?
-46
Evaluate 0 - (13 + -10 + 8 + -22) - (1 - -74).
-64
Evaluate (61 - 30) + -43 - (-1 - 30 - -1).
18
Evaluate 3372 + -3280 - (0 - ((0 - -1) + 1)).
94
27 + (-2 + -31 - -11) + 1 + 3 + -31
-22
What is the value of 19 + (6 - 13) + 8 + 7?
27
(86 - 54 - 48) + 55
39
Calculate -2 - 0 - -1 - (-15 + 54 + -24 + -16).
0
Calculate 65 + -50 + -33 + -8 + 88.
62
1697 + -1729 - (-12 - -1)
-21
-224 - (-179 - 51 - -84)
-78
Calculate -7 - (29 + (-18 - -25 - 71)).
28
Calculate 125 + (-13 - -10) + -24 - 14 - (0 + 0).
84
What is the value of -10 + (631 + -600 - (-14 + -2))?
37
Evaluate 10 + 95 + (-72 - 78).
-45
What is (19 + 3 - (-8 + 29)) + -3 + -4?
-6
What is (83 + 129 - -43) + -125?
130
Evaluate -90 - (93 - 36 - 127).
-20
Evaluate -3428 - -3369 - (0 + -31).
-28
What is (1 - -38) + -1 + (34 + -11 - 26) - -6?
41
Evaluate -81 - ((-158 - -312) + -100).
-135
What is the value of -16 - (1 - (19 + -20) - (56 - 6))?
32
What is the value of -3 + 1 + (43 - 25) + 4 - 9?
11
What is (10 + 73 - 79) + (-53 + 2 - -2)?
-45
Calculate 8 + (-3 - -10) + 57 + 5 + 50 + -56.
71
Evaluate -4 - (5 + (-5 - (-20 - -24) - (-6 - 1))).
-7
Evaluate 84 + -7 + -31 + (-29 - -41).
58
What is (-6 + 12 - 15 - -19) + -27 - -7 - -52?
42
What is the value of 48 - (-186 - -186 - (-6 + 1)) - (6 - -3)?
34
Evaluate 96 + (72 - 71) + -56.
41
Calculate -147 + 133 - (-23 + 5).
4
Calculate 28 + 17 + -4 + 20 + -6 - -9.
64
What is the value of -120 - (-71 + -54) - (-151 + -2 + 5)?
153
-3 + 90 + (-22 - -12 - 5)
72
Calculate (-131 - -22 - -19) + 35.
-55
What is 344 + -342 - (-3 - 9) - 11?
3
Evaluate -26 - (-8 - (-32 - -26)).
-24
Calculate 55 + 0 - 25 - 54.
-24
Calculate -66 + (367 + -129 - 108).
64
What is the value of 45 + (15 - (16 + 32))?
12
What is the value of (34 + 0 - -16) + (1 - -19)?
70
Evaluate 11 - ((-37 - -13) + -26) - -32.
93
Calculate (0 - -11) + (19 - (30 + -13)) + 0.
13
What is the value of 3 + (1 - 1) - (-1 + 1) - (-13 - 16)?
32
What is 355 + -260 + (0 + 6 + -3 - (14 - 12))?
96
What is the value of 65 + -4 + (-15 - (-9 - -21 - 29))?
63
(-51 - -114) + -3 + -7
53
0 + 20 + (101 - (230 + -85))
-24
(46 - 77 - 10) + (4 - 3) + -6
-46
(10 - -1) + (-122 + 207 - 91)
5
What is -44 + (-80 - -48) + 80 + 99 + -3 + 3?
103
Evaluate (-43 - (3 + 0)) + (-2900 - -2914).
-32
Evaluate 0 + -20 + (-3001 - -3008).
-13
Calculate -49 + -2 + 8 + 4 + 0 + 1.
-38
Calculate 0 - ((19 - 0) + 257 + -318 + -13).
55
(18 - 111) + 89 - (-1 + 59) - 16
-78
Calculate (5 - (-19 - (-13 + -8 + -4))) + 1 + 72.
72
(-90 - -49) + 34 + -54
-61
What is the value of -163 - -113 - (-10 + 5 + 7)?
-52
Evaluate (-104 - -39) + -10 + -16.
-91
What is -36 - -76 - 90 - -10?
-40
What is 1 + 44 - (2 + -19 - -37)?
25
What is the value of 299 + -353 - (0 + 2 - (20 + -18))?
-54
Evaluate -45 + (-49 - (41 + -135)).
0
Calculate (0 + -34 + 7 + 3 - 13) + (3 - 10).
-44
Evaluate (12 - (-19 + 10 - (-12 - -3))) + 4.
16
What is -63 + (57 - 79) + 20?
-65
Evaluate (-62 - -98) + (3 - -2) + -15 + 5 + 10.
41
What is 0 + -45 - (1581 - 1616) - ((-1 - 93) + 0)?
84
What is -6 - (-2 + (109 - -1)) - (-81 + -64 + 137)?
-106
What is the value of (13 - (31 - 14)) + -12?
-16
Calculate 3618 - 3750 - (-64 - -4).
-72
What is the value of (-33 + (-37 - -83) - (-2 + -15)) + -10?
20
Calculate (-60 - -41 - -4) + -12 + (0 - -1).
-26
46 + (-8 - (6 - 2)) - 1
33
Evaluate 2 - (18 + 18 + -18) - -36.
20
What is 11 - (-122 - -166) - (-59 - 2)?
28
What is the value of (8 - (-22 + 20)) + (-26 - (-18 + 1 + 9))?
-8
What is (-7 - (-16 - -32)) + -3?
-26
Calculate -4 + (0 - (-133 + 174 + (0 - -2 - 1))).
-46
1 + -53 + -12 + 17
-47
What is -61 + (46 - 41) - -50?
-6
Calculate 2 + -6 - ((-6 - 2) + 21 + (-28 - -5)).
6
Evaluate 15 - (28 - (4 - -12)) - (29 + 4 - 0).
-30
What is -93 + (22 - -55) - 2?
-18
What is the value of 2 - (3 + -75) - (-54 + (60 - 17))?
85
Evaluate 2 + -5 + -8 - (-20 - (3 + -58 + 19)).
-27
-6 + 19 - 24 - (6 - -8)
-25
What is -33 - (-56 + -11) - (24 - 2)?
12
14 - (31 + (-24 - (-21 + 41)))
27
0 + 100 + 1370 + -1490
-20
Evaluate 285 - 292 - (-8 - 4 - -9).
-4
Evaluate -5 + (60 + 0 - 31) - 27.
-3
What is the value of 49 + (46 - 174) - -34?
-45
49 + -22 + -90 + 48 - (-56 - 1)
42
What is (31 - 43 - (-1 - 42) - 3) + 5?
33
-7 + -1 - ((-542 - -520) + (97 - -10))
-93
Evaluate -1 - -1 - (-5 - (0 + -19 + 38 - 35)).
-11
What is the value of (-3 - -7) + (-11 - (-54 + 37))?
10
What is the value of (58 + 36 - 45) + (1 - 95)?
-45
(-33 + 28 + -32 - ((-2 - 0) + -1)) + 9
-25
What is the value of (6 - (34 - 3)) + 78?
53
Calculate (-35 - -36) + (15 - 20) - (-29 - 0).
25
What is the value of -52 + -25 + 159 + -67?
15
Evaluate -13 - 1 - (110 + -213 + 159).
-70
Evaluate (5 - 11) + 9 - (-18 - (10 + -15 - 1)).
15
What is the value of -43 - (-146 